 17872?
16
Calculate the greatest common factor of 11 and 297.
11
What is the greatest common factor of 30 and 3610?
10
What is the greatest common divisor of 43 and 5?
1
Calculate the greatest common divisor of 910 and 1330.
70
What is the greatest common factor of 175 and 7000?
175
Calculate the greatest common divisor of 815 and 10.
5
Calculate the highest common divisor of 20 and 28.
4
What is the greatest common divisor of 45 and 155?
5
What is the greatest common divisor of 132 and 484?
44
Calculate the highest common factor of 192 and 512.
64
What is the greatest common factor of 88 and 77?
11
What is the highest common factor of 19 and 323?
19
What is the highest common divisor of 256 and 944?
16
Calculate the greatest common factor of 1008 and 144.
144
Calculate the greatest common divisor of 90 and 45.
45
What is the highest common divisor of 4 and 591?
1
Calculate the greatest common factor of 700 and 2660.
140
What is the greatest common divisor of 78 and 104?
26
What is the greatest common factor of 180 and 120?
60
What is the highest common factor of 13819 and 52?
13
What is the highest common divisor of 40 and 1532?
4
Calculate the highest common divisor of 3 and 12.
3
What is the highest common divisor of 238 and 7966?
14
Calculate the highest common factor of 168 and 2568.
24
What is the greatest common divisor of 76 and 38?
38
What is the greatest common divisor of 110 and 726?
22
What is the highest common divisor of 187 and 17?
17
Calculate the greatest common factor of 7 and 763.
7
Calculate the greatest common factor of 300 and 153.
3
Calculate the highest common factor of 60 and 1500.
60
What is the highest common divisor of 20 and 1310?
10
Calculate the highest common divisor of 6 and 18.
6
Calculate the greatest common divisor of 68 and 476.
68
Calculate the greatest common divisor of 900 and 100.
100
Calculate the highest common factor of 294 and 686.
98
What is the highest common factor of 1584 and 6?
6
Calculate the greatest common divisor of 69 and 1311.
69
What is the greatest common factor of 3854 and 752?
94
Calculate the greatest common factor of 35900 and 100.
100
What is the greatest common factor of 320 and 40?
40
What is the greatest common divisor of 11 and 187?
11
What is the highest common divisor of 130 and 598?
26
Calculate the highest common divisor of 7011 and 114.
57
Calculate the greatest common factor of 106 and 18.
2
What is the greatest common factor of 130 and 5915?
65
What is the greatest common factor of 1199 and 436?
109
Calculate the greatest common factor of 500 and 4450.
50
Calculate the greatest common factor of 3969 and 91.
7
Calculate the greatest common divisor of 330 and 220.
110
What is the greatest common divisor of 2737 and 115?
23
What is the highest common factor of 871 and 26?
13
Calculate the highest common divisor of 391 and 299.
23
What is the greatest common divisor of 208 and 144?
16
Calculate the greatest common divisor of 36 and 4584.
12
Calculate the greatest common factor of 629 and 136.
17
What is the highest common factor of 18 and 288?
18
What is the highest common divisor of 10 and 35?
5
Calculate the greatest common factor of 161 and 391.
23
What is the highest common divisor of 730 and 70?
10
What is the highest common factor of 3960 and 80?
40
Calculate the highest common factor of 855 and 60.
15
Calculate the highest common divisor of 258 and 2494.
86
What is the highest common factor of 1298 and 22?
22
What is the greatest common factor of 8 and 1306?
2
What is the highest common factor of 52 and 338?
26
What is the greatest common divisor of 38673 and 9?
9
Calculate the highest common factor of 32 and 16.
16
Calculate the highest common divisor of 273 and 1134.
21
Calculate the highest common factor of 11 and 2629.
11
What is the highest common divisor of 462 and 198?
66
Calculate the highest common factor of 2 and 122.
2
What is the greatest common divisor of 21586 and 86?
86
What is the greatest common factor of 15 and 3?
3
What is the highest common divisor of 297 and 11?
11
Calculate the highest common factor of 70 and 630.
70
Calculate the greatest common divisor of 49 and 2513.
7
What is the highest common factor of 15 and 258?
3
Calculate the greatest common divisor of 162 and 1026.
54
What is the greatest common factor of 2 and 956?
2
What is the greatest common factor of 16 and 120?
8
What is the greatest common factor of 374 and 136?
34
Calculate the greatest common divisor of 115 and 184.
23
Calculate the highest common factor of 32 and 31200.
32
What is the highest common divisor of 2537 and 172?
43
What is the greatest common factor of 527 and 31?
31
What is the greatest common divisor of 1884 and 36?
12
Calculate the highest common divisor of 480 and 30.
30
Calculate the highest common factor of 910 and 10.
10
What is the highest common divisor of 23 and 68333?
23
Calculate the greatest common factor of 1584 and 954.
18
What is the greatest common divisor of 2809 and 1325?
53
What is the highest common divisor of 28 and 26782?
14
What is the greatest common factor of 537 and 1432?
179
What is the greatest common factor of 2664 and 30?
6
What is the greatest common factor of 9424 and 342?
38
Calculate the highest common divisor of 19 and 95.
19
What is the greatest common factor of 3502 and 136?
34
Calculate the greatest common factor of 23 and 552.
23
What is the highest common divisor of 12862 and 1298?
118
What is the highest common factor of 10 and 230?
10
What is the highest common factor of 2587 and 13?
13
Calculate the highest common factor of 116 and 2552.
116
What is the greatest common divisor of 236 and 59?
59
Calculate the highest common divisor of 114 and 285.
57
What is the greatest common factor of 760 and 40?
40
What is the greatest common divisor of 460 and 276?
92
Calculate the greatest common divisor of 4635 and 5253.
309
What is the greatest common divisor of 84 and 9884?
28
What is the highest common factor of 15 and 26835?
15
Calculate the highest common divisor of 8960 and 70.
70
What is the greatest common factor of 136 and 32?
8
What is the highest common factor of 1969 and 5549?
179
What is the greatest common divisor of 320 and 6848?
64
Calculate the highest common factor of 18608 and 48.
16
What is the highest common divisor of 84 and 8456?
28
What is the highest common factor of 3223 and 55?
11
Calculate the highest common factor of 429 and 117.
39
What is the highest common divisor of 2673 and 33?
33
Calculate the highest common divisor of 40 and 5880.
40
Calculate the greatest common factor of 372 and 31.
31
What is the highest common divisor of 1344 and 21?
21
What is the greatest common divisor of 50 and 275?
25
What is the greatest common factor of 3979 and 46?
23
Calculate the greatest common divisor of 32 and 16.
16
What is the greatest common factor of 26 and 5434?
26
What is the greatest common factor of 1026 and 90?
18
What is the highest common divisor of 145 and 261?
29
What is the greatest common divisor of 9 and 2?
1
Calculate the greatest common divisor of 319 and 11.
11
What is the greatest common divisor of 2272 and 32?
32
Calculate the highest common factor of 1105 and 85.
85
What is the greatest common divisor of 690 and 45?
15
What is the highest common factor of 4180 and 1760?
220
What is the greatest common divisor of 2358 and 270?
18
Calculate the greatest common factor of 75 and 15.
15
What is the highest common factor of 130 and 715?
65
Calculate the greatest common factor of 16 and 1168.
16
Calculate the greatest common factor of 90 and 54.
18
What is the greatest common divisor of 22 and 6?
2
What is the greatest common divisor of 153 and 1?
1
What is the highest common divisor of 30684 and 12?
12
Calculate the greatest common factor of 5032 and 340.
68
Calculate the greatest common divisor of 528 and 198.
66
What is the greatest common factor of 12 and 280?
4
Calculate the highest common factor of 28 and 1148.
28
Calculate the greatest common divisor of 21 and 1533.
21
Calculate the highest common divisor of 88 and 1144.
88
Calculate the greatest common divisor of 8 and 312.
8
Calculate the highest common divisor of 68 and 3298.
34
Calculate the highest common factor of 6 and 498.
6
Wh